uppose n - 58 + 2 = 0. Let t = 78 - n. What is the remainder when 34 is divided by t?
12
Let c be (4 + (-3)/3)*1. Let b be (-15)/c*(2 - (4 - 1)). What is the remainder when ((-12)/b)/(4/5 - 1) is divided by 3?
0
Let l(y) = -2*y**2 - 83*y + 51. Calculate the remainder when 196 is divided by l(-42).
7
Suppose 0 = -4*j + j + 117. Let b be 84 + -2 + 7 + 3. Calculate the remainder when j is divided by ((-21)/(-5))/(b/460).
18
Suppose -7*t = 6*t - 4134. Let j = 347 - t. What is the remainder when j is divided by 16?
13
Let v(u) = u**3 + 13*u**2 + 2*u + 5. Let r be v(-13). Let a = r + 34. Suppose 2*n = a + 3. What is the remainder when 23 is divided by n?
7
Let q(c) = 2*c + 26. Let v be (0 + -5 - -2) + -12. Let k be q(v). Let z(o) = o**3 + 6*o**2 - 2*o - 2. Calculate the remainder when 149 is divided by z(k).
35
Let s(w) = -11*w - 1011. Calculate the remainder when s(-112) is divided by 58.
47
Suppose 0*x - 172 = -2*x. Let o = -24301 - -24314. What is the remainder when x is divided by o?
8
Let p be 108/(-8)*2/(-3). Let h be (-8)/(-5)*(-1 - p). Calculate the remainder when 14 is divided by (h - -13)*(-5)/3.
4
Let v(y) = 2*y**3 + 37*y**2 + 20*y + 57. Let l be v(-18). Let t(a) = a**2 - 17*a - 55. Calculate the remainder when 80 is divided by t(l).
22
Suppose -9*o + 15 = -435. Calculate the remainder when ((-191 - 1) + 36 + -43)/(-1) is divided by o.
49
Let t(v) = 204*v**2 + 22*v + 18. What is the remainder when t(-2) is divided by 12?
10
Let k(m) = 19*m + 15. Let h(l) = -17*l - 15. Let i(d) = 6*h(d) + 5*k(d). Calculate the remainder when 124 is divided by i(-4).
7
Suppose 18*g - 10*g - 520 = 0. Suppose 11*j - 175 = -g. What is the remainder when 17 is divided by j?
7
Suppose -380 = -588*v + 586*v + 300. What is the remainder when 448 is divided by v?
108
Let q = 193 - 176. Suppose -2*b + 474 = 4*i, -3*b + 2*i + 948 = b. Calculate the remainder when b is divided by q.
16
Let j(m) = 229*m**2 - 1758*m - 14. Calculate the remainder when j(8) is divided by 39.
32
Let u = -42 - -13. Let j = 30 + u. Suppose -b + j = -1. What is the remainder when 7 is divided by b?
1
Let f = -63 - -64. What is the remainder when (-19)/(-3*f/9) is divided by 21?
15
Suppose -5*l + 111 + 24 = 0. Let f be (-1162)/(-5) + (-21)/15 + 1. Suppose f = 6*z - 236. Calculate the remainder when z is divided by l.
24
Suppose 2*z - 2*i + 286 = 990, -15 = -3*i. Let l(n) = -2*n**3 + 11*n**2 + 11*n - 20. What is the remainder when z is divided by l(5)?
57
Suppose x - 5*x + 3*b = 51, 81 = -5*x - 2*b. What is the remainder when 155 is divided by (x/12 + -2)/(10/(-80))?
25
Suppose 0 = -19*b + 44 + 7803. What is the remainder when b is divided by 204?
5
Let m = 66 - 33. Let l = m - 21. Let c = 23 + -15. Calculate the remainder when l is divided by c.
4
Suppose -4*f + 12 = -2*k, -2 = f - 5*k + 4. Suppose 4*i = f*m + 78 - 2, 5*i - 20 = 0. Let c = 1 - m. What is the remainder when c is divided by 10?
6
Let n(q) = -174*q + 4. Let p be 12/(-21) + (117/21)/1. Suppose 14*s = 9*s - p. Calculate the remainder when n(s) is divided by 45.
43
Suppose 28*v - 2*f = 32*v - 224, 0 = v + 4*f - 35. Calculate the remainder when 672 is divided by v.
23
Let m = 7092 + -6437. What is the remainder when m is divided by 86?
53
Let q = 9168 - 9041. Calculate the remainder when 8508 is divided by q.
126
Suppose 2*f - 146 = 54. Calculate the remainder when f is divided by 39 + ((-325)/169 - (-3)/(-39)).
26
Suppose -4*k = -71 - 9. Suppose 0 = 44*o - 26*o - 1062. Calculate the remainder when o is divided by k.
19
Suppose -u = 4*n - 668, -6 = -5*n + 4. Calculate the remainder when u is divided by 111.
105
Let k be 13*-50*-5*4/(-40). What is the remainder when (48/(-20))/(26/k) is divided by 5?
0
Let q be (-224)/20 - (-8)/40. Let z be (0 + -2 + 2)*q/11. Suppose z = 4*m + 2*g - 90, -60 = -2*m - 3*g - 25. Calculate the remainder when m is divided by 9.
7
Suppose 1080 = 17*l - 501. Calculate the remainder when 9/((-27)/(-8))*l/4 is divided by 11.
7
Suppose -2*y - 3*a + 168 = 0, 1 + 3 = 2*a. Suppose 2*s - 23 = -g, 21*g = 16*g + 3*s + 102. What is the remainder when y is divided by g?
18
Suppose 5*d - 45 = 5*n - 10, 0 = 4*d + 5*n + 8. Suppose -d*p - 5*p = -320. Calculate the remainder when p is divided by 14.
12
Let r = -3482 + 3505. Calculate the remainder when 504 is divided by r.
21
Let y(g) be the first derivative of g**3/3 + 6*g**2 + 2*g + 43. Suppose w - 12 + 53 = 4*i, 4*i = 2*w + 46. Calculate the remainder when y(5) is divided by i.
6
Suppose -3*w = -4*u + 1293, u + w - 227 - 105 = 0. Let p = u + -172. Calculate the remainder when p is divided by 41.
32
Suppose 2*w - 273 = 5*g, 2*w = 2*g - 5*g + 265. What is the remainder when w is divided by 50?
34
Let c(g) = -5*g**3 + 9*g + 8. Calculate the remainder when 417 is divided by c(-2).
27
Let x(v) = 55*v - 27. Calculate the remainder when 346 is divided by x(6).
43
Suppose -3*y + 20 + 216 = b, 0 = b - 3*y - 224. Suppose -20*g + 22*g + 3*p - b = 0, -10 = 5*p. What is the remainder when g is divided by 30?
28
Let m = -362 + 367. Calculate the remainder when m is divided by (-1)/6 - 14/(-12).
0
Let m be (2/6)/(19/(-4674)). Let c = 45 - m. Calculate the remainder when c is divided by 27.
19
Let c(j) = 3*j + 2. Let o(m) = 55*m - 29. Let g(t) = -5*c(t) + o(t). What is the remainder when 12 is divided by g(1)?
0
Let v(r) = -5*r + 367. Suppose 0 = -y - y + 794. What is the remainder when y is divided by v(60)?
62
Let n = -539 + -172. Let m = n - -789. What is the remainder when 221 is divided by m?
65
Let c be 15 - (-3562)/8 - (-6)/8. Let y = -382 + c. Calculate the remainder when y is divided by 31.
17
Suppose -19*l + 12*l - 82273 = -36*l. What is the remainder when l is divided by 86?
85
Let q(j) = -14*j - 929. Calculate the remainder when 247 is divided by q(-68).
17
Let z = 32 + -28. Suppose -z = m + 2*u, 5*u = 3*m - 0*u - 32. Suppose -p + m + 4 = 0. Calculate the remainder when 29 is divided by p.
5
Let b = -855 - -1107. What is the remainder when 268 is divided by b?
16
Let s(o) = 66*o + 69*o + 7 - 141*o. Calculate the remainder when s(-7) is divided by 14.
7
Let h(s) = -48*s**2 + 142*s + 9. Calculate the remainder when 454 is divided by h(3).
1
Let s(j) = 72*j**2 + 3*j + 2. Let u be s(-1). Let k = u - 37. Suppose 8*q = -33*q + 205. What is the remainder when k is divided by q?
4
Let i(q) be the third derivative of q**4/24 - q**3/3 - 197*q**2. What is the remainder when i(14) is divided by 4?
0
What is the remainder when 796 - (-66)/(-30)*-5 - 12 is divided by 392?
11
Suppose 0 = o - 3*o - 4*k + 88, 5*k = -5*o + 215. What is the remainder when o is divided by 18?
6
Suppose 0 = 16*a - 13*a + q - 14630, -a = q - 4876. What is the remainder when a is divided by 17?
15
What is the remainder when (-2442)/(-55)*(81 - 6) + 11 is divided by 38?
35
Let d = 843 + -496. What is the remainder when d is divided by 25*(429/285 - 292/2774)?
32
Suppose 0 = b + 5*u - 24 - 8, -3*u - 90 = -2*b. Let g = 1 + 165. Calculate the remainder when g is divided by b.
40
Let m = -3507 + 3522. Calculate the remainder when 3357 is divided by m.
12
Suppose 16*w + 5*w = -777. Let i = -5 - w. Suppose 6*d - d + 292 = 3*b, 372 = 4*b + 2*d. Calculate the remainder when b is divided by i.
30
Let o be -2*(-3 + -2 + 6). Let s be (o/(-4))/((-2)/(-248)). Let y = s - 40. What is the remainder when 63 is divided by y?
19
Let s(u) = 7*u**2 + 9*u + 7. Let p(b) = 8*b**2 + 10*b + 9. Let k(d) = -3*p(d) + 4*s(d). Calculate the remainder when 29 is divided by k(-2).
4
Let x(b) = 5*b + 10. Let d be x(8). Let w = -73 + d. Let n = w - -45. What is the remainder when 84 is divided by n?
18
Let t = 924 + -892. What is the remainder when 125 is divided by t?
29
Let d be (2 - -6 - 6)*(-3)/(-6). Calculate the remainder when 303 is divided by 59/(-59)*d/((-1)/34).
31
Let l(i) = 18*i - 56. Let c be l(10). Suppose 3*y = c + 32. Calculate the remainder when y is divided by 11.
8
Let t(u) = -21*u - 64 + 24*u + 10*u. Calculate the remainder when t(10) is divided by 42.
24
Suppose 12*s + 2812 = 3880. Calculate the remainder when 369 is divided by s.
13
Let d = 13121 - 12503. Calculate the remainder when d is divided by 12.
6
Let o be (88/(-10))/((-2)/20). Let x = -67 + o. Suppose 3*t - 2*a = -0*t + 41, 2*t - x = -5*a. What is the remainder w